ctors of 0/5 - -71*l?
2, 71
Let j be (-51)/(-24) - 5/40. Suppose 3*c = c. List the prime factors of 84 + j + (-2)/(-4)*c.
2, 43
Suppose -5*i - 4*q + 6372 = -5669, -4*i + 9639 = -3*q. What are the prime factors of i?
3, 11, 73
Suppose 54*d = 56*d - 110. Let m = d + -42. Suppose -18*n + m*n = -140. List the prime factors of n.
2, 7
Let y(o) = 9064*o - 3231. What are the prime factors of y(4)?
5, 1321
Suppose -4*u - 3*k = 0, 0 = -4*u - k + 3 + 5. Suppose -2*q + u*q = -f + 505, 0 = -3*f + 5*q + 1483. What are the prime factors of f?
3, 167
Suppose 0 = -60*s - 177*s + 2053842. List the prime factors of s.
2, 7, 619
Let n = 21209 + -12093. List the prime factors of n.
2, 43, 53
Let a(w) = -6*w + 16. Let b be a(3). List the prime factors of (1/b)/(6/(-10296)).
2, 3, 11, 13
Let g be (-1)/2 + 55/(-10) + 7. What are the prime factors of 4/(-2)*g - -414?
2, 103
Suppose 16*w - 13*w - 19 = 2*a, 0 = -5*w - 4*a + 17. Suppose -24*p = -27*p - t + 2387, 2*p - w*t = 1580. List the prime factors of p.
3, 5, 53
Let u = 46 + -46. Let s(l) = -2*l + 202. Let q be s(u). Let w = q + -83. What are the prime factors of w?
7, 17
Let a = -8564 + 15585. List the prime factors of a.
7, 17, 59
Suppose -10 = -4*k - 6. List the prime factors of k*(0 - (-665 + 2)).
3, 13, 17
Let r be (-1 + 1)/4 + 14. Suppose r*z - 6 = 8*z. What are the prime factors of z/(2/50) - 9/3?
2, 11
Let r = 358 + -826. Let t = 22 + -14. List the prime factors of (1*r/(-8))/(4/t).
3, 13
Let l = 153 + -134. Suppose l + 681 = 14*z. Suppose -q - 107 = -3*b, 2*q - z = 3*b - 156. List the prime factors of b.
2, 3
Let x(o) = -2*o - 10. Let w be x(-7). Let a = -198 - -200. Suppose 2*d - 8 = -p, -p = a*p + w*d - 28. What are the prime factors of p?
2, 3
Let c(y) = -132*y - 68. Let p be c(-7). Suppose -u + j + 255 = -167, -2*u - j = -p. List the prime factors of u.
2, 3, 71
Suppose -3*i + 3026 = -2*s, 0 = 44*i - 49*i + s + 5041. Let a be 1/3 - 84/(-18). Suppose -z - a*z + i = 0. List the prime factors of z.
2, 3, 7
Let t be (125 - 1)*66/8. Suppose -u = -4*r + t, -3*u = -u - 2. What are the prime factors of r?
2
Suppose -5*f + 5 = 0, 18*h - 14*h = -10*f + 92758. What are the prime factors of h?
3, 59, 131
Suppose 8*j + 28 = 12*j. Suppose 0 = -j*q + 7690 - 1628. What are the prime factors of q?
2, 433
Let c(r) = 2*r + 3. Let h be c(-6). Let n be 3/h*0/4. Suppose n = -o + 2*w + 182, -3*w + 190 = o - w. What are the prime factors of o?
2, 3, 31
Suppose -5383 = -128*h + 121*h. Suppose 2*r = -m + 196, -5*m + 5*r - h = -9*m. List the prime factors of m.
2, 3, 31
Let z(j) = 33*j**3 - j**2 - 1. Let f be z(1). Let q(a) = -a**2 + 9*a - 1. Let s be q(4). Let n = f + s. List the prime factors of n.
2, 5
Let g(d) = 45*d + 55. Let z be g(13). Suppose 3*r - 43*k = -39*k + 380, -z = -5*r + 5*k. What are the prime factors of r?
2, 3, 11
Let l(b) = b**3 - b**2 - 7*b - 1. Let p be (1/1)/(0 - (-3)/(-6)). Let k be l(p). Let r = 23 - k. What are the prime factors of r?
2, 11
What are the prime factors of (-41)/(-4)*-9530*(-1464)/3660?
41, 953
Let k(a) be the second derivative of 25*a**3 - 155*a**2/2 - 138*a. What are the prime factors of k(6)?
5, 149
What are the prime factors of (0 + 3 + 10585)*(95/38 + -1)?
2, 3, 2647
Suppose 8*l = 7*l - 1035. Let m = l - -1740. What are the prime factors of m?
3, 5, 47
Let n be ((-393)/(-2) - 0)*16/3. Suppose -a - 1398 = -3*f + n, -5*a - 20 = 0. Suppose -8*c + 250 = -f. List the prime factors of c.
7, 19
Let t(d) = 4*d - 59. Let y be t(17). Suppose -y*h = 41 - 140. Suppose h*p = 4*p + 77. What are the prime factors of p?
11
Suppose 2*s - 123 = 631. Suppose -12*w - 432 = -84*w. Suppose -w*d - 119 = -s. List the prime factors of d.
43
Suppose y - 453 = 4130. What are the prime factors of y?
4583
Let y(s) = 4*s + 119. Let d be y(-28). Suppose d*x - 1076 - 1787 = 0. List the prime factors of x.
409
Let n = -3234 + 5553. Suppose -537 - n = -8*j. List the prime factors of j.
3, 7, 17
Let j be 100/60 + (-381)/(-9). List the prime factors of (-15135)/(-55) + (0 - 8/j).
5, 11
Let p(m) = -101*m**3 + 4*m**2 + 2*m + 5. List the prime factors of p(-3).
2, 1381
Let s(b) = 2*b**3 + 11*b**2 + 6*b - 14. List the prime factors of s(4).
2, 157
Suppose 3*i + 3419 - 22178 = 0. List the prime factors of i.
13, 37
Let x = -122 + 131. Suppose -38 - 1195 = -x*t. List the prime factors of t.
137
Let j = -58 + 50. Let z(i) be the third derivative of i**6/120 + i**5/6 + 3*i**4/8 + 5*i**3/6 + 3*i**2. What are the prime factors of z(j)?
61
Suppose -3*o + 16092 + 40689 = 3771. What are the prime factors of o?
2, 3, 5, 19, 31
Let f(g) = g**3 + g**2 - 24*g + 65. Let j be f(15). Suppose 5*u - j = -0*u. List the prime factors of u.
661
Suppose -3*v - 2*q = -5912 - 216, -2*v - 5*q = -4067. What are the prime factors of v?
2, 3, 11, 31
Suppose 7*s = 3*s + 2*w + 12, 0 = -2*w. What are the prime factors of 0/28 - ((-1389)/s + 1)?
2, 3, 7, 11
Let w be 4/(-10)*-15 - -277. Let d = w - -404. What are the prime factors of d?
3, 229
Suppose 0 = 41754*b - 41696*b - 2028956. What are the prime factors of b?
2, 17491
Suppose -5*p - 2*a - 4560 = -7*a, 0 = -3*p + 4*a - 2739. Let d = -408 - p. What are the prime factors of d?
3, 167
Let y(n) = n**3 + 2*n**2 - 4*n - 5. Let g be y(-2). Suppose -5*q + 2103 = z, -2085 = g*q - 8*q + 5*z. What are the prime factors of q?
2, 3, 5, 7
Suppose -201546 = -3*h + u, 5*u = 2*h - 162882 + 28518. List the prime factors of h.
2, 3, 11197
Suppose 140773 = 13*a - 8*a + 4*k, 4*a - 2*k = 112660. List the prime factors of a.
3, 7, 149
Suppose -11*x + 30*x - 204255 = 441517. List the prime factors of x.
2, 29, 293
Suppose g = 9*g - 132172 - 74956. What are the prime factors of g?
17, 1523
Let s be (16/(-48))/(2/(-9234)). Suppose -4*l - 399 = -s. List the prime factors of l.
3, 5, 19
Let b(h) = -h**3 - 12*h**2 - 4*h - 19. Let d be b(-9). Let z be 1/(2/(-4 - d)). Suppose 0 = i + 4*i + 2*v - 291, -2*i + v = -z. What are the prime factors of i?
3, 19
List the prime factors of (-21438)/(-1) - (-330 + 337).
29, 739
Suppose u = -3*u. Suppose -5*c + 6 - 11 = u. List the prime factors of (-296)/(-3)*((-20)/(-8) + c).
2, 37
Let y(q) be the second derivative of 11*q**4/12 + q**3/3 - q**2/2 + 2*q. Let u = -403 + 401. What are the prime factors of y(u)?
3, 13
Let x = -64 + 52. Let v(j) = 17 + 4*j + 7*j - 6 - 18*j. What are the prime factors of v(x)?
5, 19
Let y(a) = 5*a**3 + 17*a**3 - 1 - 3*a**2 + 4*a**2. Suppose v + 3 + 4 = 4*j, -4*v = 5*j + 7. List the prime factors of y(j).
2, 11
Suppose 3*i - 2866 = 2*j, 5*j + 1022 = 2*i - 885. Suppose 3*g - 475 = -x + g, 0 = 2*x - 2*g - i. List the prime factors of x.
3, 53
Let u be -1 - 170 - (24/(-2))/(-4). Suppose 13*k - 6*k - 1932 = 0. Let g = u + k. List the prime factors of g.
2, 3, 17
Suppose 20*g = 5*g + 3375. List the prime factors of 9/(g/(-10)) - 1124/(-10).
2, 7
Let d(l) = 9*l - 22. Let o be d(-8). Let b = o - -139. Let r = 90 - b. List the prime factors of r.
3, 5
Let s = 520 - -11716. What are the prime factors of s?
2, 7, 19, 23
Let y be (-6)/7 - 960/(-42). Suppose y*q - 20*q + 5*h - 536 = 0, -5*q + 1394 = -h. List the prime factors of q.
2, 139
List the prime factors of (246315/27 + -4 - 2/(-9)) + -5.
2, 3, 7, 31
Let x(o) be the first derivative of 3*o**2 + 196*o + 153. What are the prime factors of x(12)?
2, 67
Let q = -1141 + 1806. What are the prime factors of q?
5, 7, 19
Let j(s) = -s + 6. Let t be j(6). Suppose 4 - 11 = -a + 3*c, t = a + 4*c + 7. Suppose -z + a = 0, -5*k - 4*z + 23 = -666. What are the prime factors of k?
137
Let c = 955 + -951. Let s(z) = 86*z**2 - 23*z + 95. List the prime factors of s(c).
7, 197
Let n(t) = -2*t**2 + 14*t + 5. Let b be n(7). Let a(x) = x**2 + 9*x + 8. Let m(r) = -4*r - 4. Let c(h) = b*m(h) + 3*a(h). List the prime factors of c(-4).
2, 3
Let i be (-3619)/(-2) + 6 + (-90)/12. Suppose -i = -95*v + 91*v. List the prime factors of v.
2, 113
Suppose 0 = -3*r + 5*b - 0*b + 59, 2*r + 3*b - 33 = 0. List the prime factors of r/30 + (-1417)/(-5).
2, 71
Let k(v) = 25*v**2 - 131*v + 136. Let z(b) = 9*b**2 - 43*b + 45. Let d(a) = -4*k(a) + 11*z(a). List the prime factors of d(37).
7, 67
Let g(b) = b**3 - b + 4. Let i be g(0). Suppose -i*s - 924 = -4*t, 0 = -4*t - 4*s + 717 + 167. What are the prime factors of t?
2, 113
Let x(j) = 3*j**3 - 40*j**2 + 1